u) = -91*u + 41*u + 20 + 39*u - u**2. Suppose -3*v + 0 - 4 = y, v = 2. What is the remainder when 59 is divided by p(y)?
29
Suppose -33*h + 3615 + 1841 = -13684. Calculate the remainder when h is divided by 194.
192
Let o = 662 + -590. Calculate the remainder when o is divided by 20.
12
Let z(o) = 212*o**2 - 1266*o + 7. Calculate the remainder when 151 is divided by z(6).
22
Suppose 13*v + 255 = a + 8*v, 26*v + 414 = 2*a. Let d = -15 - -32. Calculate the remainder when a is divided by d.
13
Suppose -w = 7, 552 - 1505 = -4*q - 5*w. What is the remainder when q is divided by 110?
27
Let s(b) = 6*b**3 + b**2 - b - 1. Let x be s(1). Suppose -4*t + 9 = i - 3*t, x*i = -3*t + 45. What is the remainder when 181/6 + (110/60)/(-11) is divided by i?
3
Suppose 5*h + 5*i - i - 15 = 0, 4*i + 9 = 3*h. Suppose -4*n + 861 = 5*o, -h*o = 6*n - 11*n - 487. What is the remainder when o is divided by (2/4)/((-1)/(-68))?
33
Suppose x + x = 50. Let m(u) = -2*u**3 + 26*u**2 - 43*u - 11. Let z be m(11). Suppose z = a - x - 2. What is the remainder when 80 is divided by a?
26
Let v(o) = 1063*o - 427. Calculate the remainder when v(1) is divided by 4.
0
Let c(t) = t**3 + 18*t**2 + 13*t - 23. Calculate the remainder when c(-17) is divided by 31 + 1 - (-11 + 20).
22
Suppose -221*c = -235*c + 308. Calculate the remainder when 145 is divided by c.
13
Let y(b) = b**2 + 7*b + 10. Suppose -42 = -6*u + 12*u. What is the remainder when 22 is divided by y(u)?
2
Suppose 3*f - 23 = 2*z, -9 = 225*f - 227*f - 5*z. What is the remainder when 1213 is divided by f?
2
Suppose 163 = 3*q - f, 2*q - 2*f = 32 + 82. Suppose 13*j - 4*j - 108 = 0. Calculate the remainder when q is divided by j.
5
Let n(l) = 16 + 2*l**3 + 13*l + 0 - 12*l**2 + 8*l**3 - 7*l**3 - 4*l**3. Let u = -3 - 10. Calculate the remainder when 205 is divided by n(u).
13
Let y = 13792 + -13712. What is the remainder when 233 is divided by y?
73
Let j(w) = -w**3 - 19*w**2 + 48*w - 139. Calculate the remainder when j(-24) is divided by 15.
14
Calculate the remainder when 114 is divided by (-1)/4 - 9300/(-400).
22
Let s = 25 - -90. Let v(l) = l**2 + 115*l + 3303. What is the remainder when s is divided by v(-54)?
7
Suppose -3*t - 63 = -8*t + 4*g, -3*t + 25 = 4*g. Suppose -4*k = -t - 73. What is the remainder when 166 is divided by k?
19
Let f be 4232/36 - (-4 + 128/36). Suppose -107*l + f*l = 176. Calculate the remainder when 29 is divided by l.
13
Let j = -2 - -8. Let l be 48/((-9)/j*5/(-15)). Suppose 0*o + l = 8*o. Calculate the remainder when 82 is divided by o.
10
Suppose 0 = -58*y + 12647 + 5275. Calculate the remainder when y is divided by 112.
85
Suppose 2*o + 135 + 37 = 0. Let h = 170 + o. Suppose h + 132 = 3*j. What is the remainder when j is divided by 25?
22
Suppose 125*l = 244*l - 117*l - 906. What is the remainder when l is divided by 103?
41
Suppose 3*s - 78 = -0. Suppose 12*b = 9*b + 9*b - 852. Calculate the remainder when b is divided by s.
12
Suppose -4*a = 4*l, -a - l = a. Suppose -5*t = -5*k + 85, -4*k + 2*t + 62 = -a*t. Let o(u) = -18*u - 344. Calculate the remainder when o(-26) is divided by k.
12
Let s = 3 + -4. Let g be (-6 - -16)/(3 + s). Suppose -d + g*d - 176 = 0. Calculate the remainder when 175 is divided by d.
43
Let x = 9457 - 8880. What is the remainder when x is divided by 37?
22
Suppose 0 = -s - 4 + 18. Let h(y) = 14 - y**2 + 21*y - 5*y - 26. Calculate the remainder when 46 is divided by h(s).
14
Suppose -5*f - 750 = y, 3*y + 268 = 5*f + 1038. Let g = -132 - f. What is the remainder when 220 is divided by g?
11
Let d = 607 - 416. Let c = d - -200. What is the remainder when c is divided by 50?
41
Suppose 61*c - 92*c + 43787 = 5874. Calculate the remainder when c is divided by 136.
135
Let x(i) = -i**3 - 15*i**2 + 12. Suppose -4*y - 61 = r + 2*r, -2*r + 3*y = 18. What is the remainder when 2/(-7) - 20*(-34)/28 is divided by x(r)?
0
Let x be 36/2*(5/10)/1. Let d be x/(18/(-27) + 338/480). Suppose -2*v + 96 = -m, 2*v + 3*v + 3*m = d. What is the remainder when v is divided by 17?
14
Suppose -x = -11*x + 50. What is the remainder when (-1734)/(-22) - (371/77 - x) is divided by 32?
15
Let y(d) = 76*d - 10152. What is the remainder when ((-118)/3)/((-2)/6) is divided by y(134)?
22
Let d be ((-23)/3 + 1)*(-84)/10. Suppose 0*j - y = 2*j - 132, j = -3*y + d. What is the remainder when j is divided by 18?
14
Let w(u) = 11*u**2 - 112*u + 17. What is the remainder when w(-5) is divided by 97?
76
Let q(p) = 3*p**2 + 11*p - 60. Let h be q(6). Let o = -53 + h. What is the remainder when o is divided by ((-6)/(-5))/(5*6/225)?
7
Let t(x) = x**3 + x**2 + 2*x. Let d be t(-2). Let f(i) = -i - 7*i - 2 - 1. Calculate the remainder when f(d) is divided by 32.
29
Suppose 0*i = -5*i + 15. Let c(j) = 23*j + 4. Let h = 96644 - 96625. What is the remainder when c(i) is divided by h?
16
Suppose -24*x + 30*x - 2292 = 0. Let h = x + -345. Calculate the remainder when h is divided by 6.
1
Let y = -3745 + 3995. Calculate the remainder when y is divided by 54.
34
Let f be -3*8/60 - (-4527)/5. Suppose -10*n - 235 = f. Let i = -108 - n. Calculate the remainder when 15 is divided by i.
3
Let y = -64 + 97. Calculate the remainder when y is divided by (14 - -11) + -17 + -2.
3
Let q(s) = 3*s - 60. Let i be q(24). Calculate the remainder when i/(-18)*(-285)/2 is divided by 33.
29
Let x be 2 + (6/(-30) - 9/5). Let d = -86 - -88. Suppose -d*g - 55 + 73 = x. What is the remainder when 34 is divided by g?
7
Let a = 19718 - 19578. What is the remainder when a is divided by ((-1)/2)/((-2)/52)?
10
Suppose -2*c = 5*b - 1297, 261 = 13*b - 12*b + 2*c. Suppose 0 = -7*r + b + 119. What is the remainder when r is divided by 19?
16
Let h(d) = 95*d**2 - 3*d + 3. Let u be h(1). Let k = 21 + u. Suppose -k = -4*c - 0. Calculate the remainder when 142 is divided by c.
26
Suppose -45*u + 271791 = 162*u. What is the remainder when u is divided by 18?
17
Let c(p) = -p**2 - 27*p + 111. What is the remainder when 2966 is divided by c(-29)?
51
Let n(d) = -59*d + 4. What is the remainder when n(-4) is divided by 4/66 - (7 + 79625/(-1155))?
54
Let u be 6/(-9) - 61/3. Let b be (12/10)/(2/15*-3). What is the remainder when 14 is divided by (u/14)/(b/8)?
2
Let c be 2/10*13 - (-22)/55. Suppose -2*a - c*s = -4*a + 241, 2*a + 5*s - 217 = 0. Calculate the remainder when a is divided by 35.
11
Calculate the remainder when 384 is divided by (-323)/(-3) - ((-10)/(-95) + (-416)/(-741)).
63
Let q = 61 + -35. Let g be (-4 - 105/2)*4. Let x = 298 + g. Calculate the remainder when x is divided by q.
20
Suppose 0 = -2*v + 272 + 300. Suppose 1184 - 496 = 46*f - 784. Calculate the remainder when v is divided by f.
30
Let z = -124 + 128. Suppose z*x = 2*r - 30, -x - 25 = -2*r + 2*x. Suppose -r*j = 8*j - 416. What is the remainder when j is divided by 7?
4
Let b(u) = -u**3 + 12*u**2 + 7*u - 80. What is the remainder when (3/2)/1*64/6 is divided by b(12)?
0
Suppose -f = 100 + 33. Let y = f - -150. Calculate the remainder when 983 is divided by y.
14
Let v(y) = 10*y**3 + 7*y**2 + 1. Let f be v(-3). Let c = -187 - f. What is the remainder when 66 is divided by c?
9
Let u = 7660 + -7623. Let a(t) = 14*t**2. Suppose 0 = -5*m - 3*y + 7, m = 3*y - y - 9. Calculate the remainder when u is divided by a(m).
9
Calculate the remainder when 173 + 0 + (15 - 6) is divided by 14.
0
Let s(i) = i**3 + 14*i**2 - 17*i + 2. Let q(f) = f - 3. Let n be -3 - (7 + 1 + 1). Let t be q(n). Calculate the remainder when s(t) is divided by 9.
5
Suppose -13*h = -4*h - 297. What is the remainder when 134 is divided by (-3)/(2 - 5) + 3 + h?
23
Suppose -10*v = -7*v + 2*o - 157, v - 5*o = 75. Calculate the remainder when v is divided by 3.
1
What is the remainder when 436 is divided by 1605/10*(-14)/(-21)?
8
Suppose -44*j + 26*j + 450 = 0. Let h(k) = 8*k**2 + 5 + 56*k - 65*k + 5 + 0*k**3 + k**3. Calculate the remainder when j is divided by h(-9).
5
Let c(u) = -314*u + 5. Calculate the remainder when c(-2) is divided by 304.
25
Let d = 224 - 133. Let j = 106 - d. Suppose -k + 43 = 2*w, -2*w + 4*k = 2*k - 52. What is the remainder when w is divided by j?
8
Let q(f) = 376*f + 1519. Calculate the remainder when 38563 is divided by q(-4).
13
Let x = 43 - 41. Let q(z) = 3*z**3 - 2*z + 1. Calculate the remainder when q(x)